 common factor of 36 and y.
12
Suppose 4*j - 2*d - 22603 = -4375, 4*j - 18234 = -d. What is the greatest common factor of 172 and j?
86
Suppose 22*f + 107 + 91 = 0. Let v be f/(-4) - (-8)/(-32) - -114. What is the greatest common divisor of v and 4?
4
Let p = -217 + 214. Let x be 23 - -67 - 2*p. Let b(v) = 5*v**3 + 2*v**2 - 1. Let l be b(1). What is the greatest common factor of x and l?
6
Let l = 4514 - -3562. Calculate the highest common factor of 12 and l.
12
Let z(h) = 3*h**2 - 49*h + 196. Let g be z(4). Let y(f) = -18*f**2. Let c be y(-1). Let w be 16/(-72) - 580/c. What is the greatest common factor of w and g?
16
Let v = 583 + -188. Let s = 596 - v. Calculate the highest common divisor of s and 268.
67
Let b = 814 + -811. Let d(w) = 10 + w - 3*w**2 + 3*w**2 - 3*w**2 + 6*w**2. Let h be d(b). What is the greatest common factor of h and 40?
40
Suppose 82*m - 209859 = 1592501. What is the highest common factor of m and 20?
20
Let i(n) = 37*n**2 + 4*n + 1. Let p be i(-1). Suppose 11*l - p - 10 = 0. Calculate the highest common divisor of l and 32.
4
Let n = 4380 - 2483. Suppose -8*a = -n - 1559. Calculate the greatest common factor of 27 and a.
27
Let x be ((-1 - -35)*1)/((-1358)/(-19691)). What is the highest common factor of x and 2349?
29
Let g = -5450 + 5454. Calculate the greatest common divisor of 86 and g.
2
Let v = 47 + -44. Suppose 4*i = -v*i + 21. Suppose 6*q = 8*q - 4. What is the highest common divisor of q and i?
1
Let t(k) = 13*k - 386. Let v be t(34). What is the greatest common divisor of v and 72?
8
Let u = 55 + -55. Suppose u = 3*g + j - 27, 2*j = -4*g + 6*j + 52. Suppose -a + 54 + g = 0. What is the highest common divisor of a and 16?
16
Suppose 0 = 146*x + 9487 - 11264 - 13407. Suppose -5*t - 2*v = 3*v - 30, -t - 4*v = 0. What is the highest common factor of t and x?
8
Let n = 13645 + -10573. What is the greatest common factor of n and 480?
96
Let h be (34 - (-13 - -23))*1/3. What is the highest common divisor of 452 and h?
4
Let b be (2/(-8))/((-11)/44). Let v(h) = 16*h**2 - 5*h + 1. Let w be v(b). Calculate the highest common factor of w and 96.
12
Let l(d) = -2*d**3 - 15*d**2 - 18*d + 248. Let m be l(-12). Calculate the highest common divisor of m and 1440.
160
Suppose 5*t = 755 + 190. Suppose -6*r - 20*z + 22*z = -122, -r + 39 = -3*z. What is the greatest common divisor of r and t?
9
Let m = -35 + 38. Suppose 4*c - 209 = -c + m*r, 5*r = -c + 25. Suppose 7*n = 11*n - c. What is the greatest common factor of 30 and n?
10
Let n(g) = 41*g + 16. Let p be n(4). Let y = p - 129. Calculate the greatest common divisor of 17 and y.
17
Let m = 432 - 337. Suppose 70*z + 10 = 72*z. Calculate the highest common factor of m and z.
5
Let i = -9795 + 10209. Calculate the highest common factor of 598 and i.
46
Let u = 14 - -5. Let n(i) = i**2 - 15*i - 54. Let p be n(u). Let d(a) = 6*a**2 - 8*a + 2. Let k be d(4). Calculate the highest common divisor of k and p.
22
Let n(j) be the third derivative of 4/3*j**3 + 0 - 5*j**2 + 1/4*j**4 + 23/60*j**5 + 0*j. Let x be n(-2). Calculate the greatest common divisor of 22 and x.
22
Let b = 1165 + -525. Suppose -2*h + 5*o = -b, -4*h + 1252 = -7*o + 4*o. Calculate the highest common factor of 10 and h.
10
Suppose -166 = -2*h - 4*k, -h - 5*k + 269 - 189 = 0. What is the greatest common factor of 5 and h?
5
Let f be 80/(-24)*(-9)/2. Let z(p) = 2*p + 90. Let c be z(f). Suppose 7*j = 3*j + 96. Calculate the highest common factor of c and j.
24
Let k = -163 + 297. Suppose -5*z + 891 = -k. Suppose 0*h + 82 = 2*h. What is the highest common divisor of z and h?
41
Let f = -6928 + 23269. What is the highest common factor of 39 and f?
39
Suppose -42 = -11*o + 2. Suppose -o*v = -9*v + 5*t + 175, -t - 155 = -5*v. What is the highest common factor of v and 75?
15
Let g(c) = -2*c**3 + 37*c**2 - 109*c + 24. Let w be g(7). Calculate the highest common factor of w and 582.
194
Suppose 35*w - 150 = 25*w. Calculate the highest common factor of 1545 and w.
15
Let p(l) = -74*l + 1078. Let y be p(12). What is the greatest common divisor of y and 342?
38
Let s be (16 - (3/3)/2)*-44. Let v = s - -968. What is the highest common factor of 26 and v?
26
Suppose 508*h = 27433 + 9143. What is the greatest common divisor of 21600 and h?
72
Let d(h) = -25*h + 304. Let b = -884 - -895. Let v be d(b). Calculate the highest common factor of v and 87.
29
Let s = -3664 + 1879. Let h be (0 - s/10)*(-2)/(-3). What is the highest common divisor of 28 and h?
7
Let u(g) = 36*g + 1441. Let m be u(-32). Calculate the highest common factor of 4624 and m.
289
Let g = 23 + -17. Suppose -2*d - 288 = g*d. Let m be (-1)/(-4) - 711/d. What is the highest common divisor of m and 4?
4
Let d(v) = v**3 + 16*v**2 + 20*v - 7. Let t be d(-14). Suppose 0*u = -5*p + 3*u + 80, 5*p = -2*u + t. Calculate the greatest common factor of 57 and p.
19
Suppose 19*o + 705 - 4239 = 0. What is the highest common divisor of o and 19716?
186
Let h be (-4)/(-18) + (-570)/135. Let d be h - (137 - -5)*-1. What is the highest common divisor of 23 and d?
23
Let w be 3 + -1 - -4*8. Let h = w + -19. Suppose 150*g = -45*g + 13*g + 2730. Calculate the highest common factor of g and h.
15
Let d(h) = 2*h**2 - 49*h + 9. Let m be d(25). Suppose 4*f - 96 = 4*k, 0*f - 3*k - m = -f. Calculate the highest common factor of 513 and f.
19
Let n be (-2)/(6/(-225)) - -2. Suppose -380 = -59*m + 33. Calculate the greatest common factor of n and m.
7
Suppose 5*z - 2 = -72. Let u(v) = v**3 + 13*v**2 - 14*v + 17. Let r be u(z). What is the greatest common divisor of 119 and r?
17
Let b(n) = 10 + 33*n**2 - 148*n + 300*n - 162*n. Let r be b(1). Calculate the highest common factor of 22 and r.
11
Let c = 45 - 0. Suppose 18*j - 752 = 10*j. Suppose 4*k = -3*q + 2*k + j, -5*k = 5*q - 160. What is the highest common divisor of q and c?
15
Suppose 3 = -3*g, 4*b = g - 14 + 23. What is the highest common factor of 513 and b?
1
Let l(c) = -c**3 - 14*c**2 + 143*c + 16. Let m be l(-21). Let g(z) = 6*z**2 - 5*z - 9. Let p be g(7). What is the highest common divisor of p and m?
50
Let n be (9/(-4))/(30/(-160)) - (14 + -15). What is the greatest common divisor of n and 53?
1
Let u(y) = 20*y - 39. Let r(h) = 21*h - 40. Let k(v) = -4*r(v) + 5*u(v). Let x = -1216 + 1232. Let m be k(x). Calculate the highest common divisor of m and 13.
13
Suppose 4*s + 4890*h - 107688 = 4894*h, -107695 = -4*s + 5*h. What is the highest common divisor of 70 and s?
35
Let y(z) = z**3 + 5*z**2 + 12*z + 26. Suppose 7*n + 76 = 48. Let m be y(n). Let d be (-334)/(-22) - m/(-33)*1. What is the greatest common factor of 20 and d?
5
Let k(p) = p**3 - 6*p**2 + 7. Let n be k(6). Let m be ((-1)/2)/(78/(-8892)). Suppose -m*i = -60*i + 357. What is the highest common divisor of n and i?
7
Let k(u) = 37*u - 177. Let s be k(5). Let q(t) = -t**3 + 12*t**2 - 24*t + 112. Let y be q(s). What is the greatest common divisor of 11 and y?
11
Suppose -95*c + 90*c + 10 = 0. Let k(q) = 50*q - 46. Let m be k(c). Calculate the highest common divisor of 459 and m.
27
Let i be (-5)/((-45)/(-6)) + 16/6. Suppose -4*l + 3*g = -i*l - 150, l = -2*g + 68. Let x be 8/(1*1/1). Calculate the greatest common divisor of x and l.
8
Let f be (-2)/(-12) + 5/(-30). Let w be 3/(-1 - -2) - f. Let z(b) = -16*b - 1. Let a be z(-1). What is the greatest common factor of a and w?
3
Let g be (-7)/(-1) + (-9 - (-15 + -4)). What is the greatest common divisor of g and 85?
17
Let b be (-9)/12 + (-306)/(-24) + 4. Suppose b - 506 = -5*u. Calculate the greatest common divisor of u and 147.
49
Let m be (-253)/(-3) - (-20)/30. Let f be (-34)/m*(0 + 60). Let d = f - -49. What is the greatest common factor of d and 15?
5
Let s be 2/(1/8*4). Suppose -x - 52 = -s*v, 0*x = 3*v + 4*x - 20. What is the highest common factor of 156 and v?
12
Let d be 6/(-4)*150/(-45). Suppose -1416 = -3*m + 3*a, 3*a + 897 = d*m - 1455. Calculate the greatest common factor of m and 18.
18
Let j = 2197 - 1874. Suppose 6*u - 103 = -1. Calculate the highest common factor of u and j.
17
Suppose -3*b = -3*s + 2*s - 501, -s - 333 = -2*b. Let m(g) = 4*g + 84. Let h be m(-12). Calculate the highest common factor of h and b.
12
Let k be -7 + (-30)/105*-938. Calculate the greatest common factor of 2059 and k.
29
Let d = 229